{"id":168,"date":"2020-09-13T15:20:25","date_gmt":"2020-09-13T13:20:25","guid":{"rendered":"https:\/\/www.museeducycle.fr\/?page_id=168"},"modified":"2026-04-30T07:59:29","modified_gmt":"2026-04-30T05:59:29","slug":"musee-comtadin-du-cycle-agenda","status":"publish","type":"page","link":"https:\/\/www.museeducycle.fr\/","title":{"rendered":"Acc\u00e8s et Ouvertures"},"content":{"rendered":"\n<div class=\"wp-block-columns is-layout-flex wp-container-core-columns-is-layout-9d6595d7 wp-block-columns-is-layout-flex\">\n<div class=\"wp-block-column is-layout-flow wp-block-column-is-layout-flow\">\n\n<p style=\"font:bold 26px 'Arial'; text-align:center;\">\nLe Mus\u00e9e vous accueille\n<span style=\"font:bold 22px 'Arial'; text-align:center;\">\n<br>du 2 mai au 26 juin 2026\n<\/span>\n<br><span style=\"font:bold 18px 'Arial';\">\ntous les jours (sauf le mardi)\n<br> de 15h00 \u00e0 18h30\n<\/span>\n<\/p>\n<!--p style=\"font:bold 20px 'Arial'; color:#C06; text-align:center;\">\nouverture exceptionnelle pour P\u00e2ques en Provence\n<br>les 4, 5 et 6 avril\n<br><span style=\"font:bold 16px 'Arial';\">de 10h15 \u00e0 12h30\net de 14h30 \u00e0 17h30<\/span>\n<\/p-->\n\n<\/div>\n\n\n<div class=\"wp-block-column is-layout-flow wp-block-column-is-layout-flow\">\n\n<a href=\"https:\/\/www.museeducycle.fr\/?page_id=311\">\n<img decoding=\"async\" src=\"wp-content\/uploads\/expo2026-affiche.jpg\" style=\"width:80%;max-width:300px;\">\n<\/a>\n<p class=\"txtart-p\" style=\"text-align:center;font-weight:600;\">\ncliquez sur l&rsquo;image pour plus d&rsquo;infos sur l&rsquo;exposition 2026\n<\/p>\n\n<\/div>\n\n\n<div class=\"wp-block-column is-layout-flow wp-block-column-is-layout-flow\">\n\n&nbsp;\n\n<\/div>\n<\/div>\n\n\n<p class=\"txtart-p\">\nPendant les jours et heures d&rsquo;ouverture, l&rsquo;acc\u00e8s au Mus\u00e9e est totalement libre et gratuit\n<a href=\"wp-content\/uploads\/ouvertures.jpg\" target=\"_blank\">(voir tous les jours d&rsquo;ouverture)<\/a>.\n\t\t<br><br>Des visites de groupes (25 personnes maxi) sont possibles le mardi (jour traditionnel de fermeture au public) mais aussi en dehors des p\u00e9riodes d&rsquo;ouverture.\n\t\t<br>Elles sont alors au prix de 2\u20ac par personne (gratuites pour les moins de 12ans et groupes scolaires), privatives, guid\u00e9es et comment\u00e9es par des membres de l\u2019Association.\n\t\t<br>R\u00e9servation en nous contactant par courriel &ensp;<img decoding=\"async\" src=\"wp-content\/uploads\/mail.png\" style=\"width:auto;vertical-align:-45%;\">\n<br><br><strong>Mus\u00e9e Comtadin du Cycle<\/strong>\n<br>23 place de la Juiverie\n<br>84210 Pernes les fontaines\t\t\n<br><br>A noter que le Mus\u00e9e se trouve dans un b\u00e2timent class\u00e9 qui n&rsquo;est pas totalement accessible aux personnes \u00e0 mobilit\u00e9 r\u00e9duite. Seules trois salles d&rsquo;exposition du rez-de-chauss\u00e9e le sont.\n<br>&nbsp;\n<\/p>\n\n\n\n<div class=\"wp-block-columns is-layout-flex wp-container-core-columns-is-layout-9d6595d7 wp-block-columns-is-layout-flex\">\n<div class=\"wp-block-column is-layout-flow wp-block-column-is-layout-flow\">\n<a href=\"https:\/\/www.openstreetmap.org\/?#map=19\/43.997936\/5.060864&amp;layers=N\" target=\"_blank\">\n<img decoding=\"async\" src=\"wp-content\/uploads\/plan-musee.jpg\" style=\"width:85%;\">\n<\/a>\n<br>cliquez sur l&rsquo;image pour voir plus de d\u00e9tail\n<\/div>\n\n\n\n<div class=\"wp-block-column is-layout-flow wp-block-column-is-layout-flow\">\n<!--a href=\"https:\/\/maps.app.goo.gl\/YyFgUp7TUgW5f5TV6?g_st=am\" target=\"_blank\"><\/a-->\n<img decoding=\"async\" src=\"wp-content\/uploads\/france.jpg\" style=\"width:auto;max-height:360px;\">\n<\/div>\n<\/div>\n\n\n\n<p><\/p>\n","protected":false},"excerpt":{"rendered":"<p>Le Mus\u00e9e vous accueille du 2 mai au 26 juin 2026 tous les jours (sauf le mardi) de 15h00 \u00e0 18h30 cliquez sur l&rsquo;image pour plus d&rsquo;infos sur l&rsquo;exposition 2026 &nbsp; Pendant les jours et heures d&rsquo;ouverture, l&rsquo;acc\u00e8s au Mus\u00e9e est totalement libre et gratuit (voir tous les jours d&rsquo;ouverture). Des visites de groupes (25<\/p>\n<p class=\"more-link\"><a href=\"https:\/\/www.museeducycle.fr\/\" class=\"themebutton\">Read More<\/a><\/p>\n","protected":false},"author":2,"featured_media":0,"parent":0,"menu_order":0,"comment_status":"closed","ping_status":"closed","template":"","meta":{"footnotes":""},"class_list":["post-168","page","type-page","status-publish","hentry"],"_links":{"self":[{"href":"https:\/\/www.museeducycle.fr\/index.php?rest_route=\/wp\/v2\/pages\/168","targetHints":{"allow":["GET"]}}],"collection":[{"href":"https:\/\/www.museeducycle.fr\/index.php?rest_route=\/wp\/v2\/pages"}],"about":[{"href":"https:\/\/www.museeducycle.fr\/index.php?rest_route=\/wp\/v2\/types\/page"}],"author":[{"embeddable":true,"href":"https:\/\/www.museeducycle.fr\/index.php?rest_route=\/wp\/v2\/users\/2"}],"replies":[{"embeddable":true,"href":"https:\/\/www.museeducycle.fr\/index.php?rest_route=%2Fwp%2Fv2%2Fcomments&post=168"}],"version-history":[{"count":116,"href":"https:\/\/www.museeducycle.fr\/index.php?rest_route=\/wp\/v2\/pages\/168\/revisions"}],"predecessor-version":[{"id":1373,"href":"https:\/\/www.museeducycle.fr\/index.php?rest_route=\/wp\/v2\/pages\/168\/revisions\/1373"}],"wp:attachment":[{"href":"https:\/\/www.museeducycle.fr\/index.php?rest_route=%2Fwp%2Fv2%2Fmedia&parent=168"}],"curies":[{"name":"wp","href":"https:\/\/api.w.org\/{rel}","templated":true}]}}