{"id":460,"date":"2026-01-30T10:50:45","date_gmt":"2026-01-30T09:50:45","guid":{"rendered":"https:\/\/www.museeducycle.fr\/?page_id=460"},"modified":"2026-04-14T08:13:50","modified_gmt":"2026-04-14T06:13:50","slug":"le-musee","status":"publish","type":"page","link":"https:\/\/www.museeducycle.fr\/?page_id=460","title":{"rendered":"Le Mus\u00e9e"},"content":{"rendered":"\n<div class=\"wp-block-columns is-layout-flex wp-container-core-columns-is-layout-9d6595d7 wp-block-columns-is-layout-flex\">\n<div class=\"wp-block-column is-layout-flow wp-block-column-is-layout-flow\" style=\"flex-basis:40%\">\n<h3 class=\"titart\">Naissance d&rsquo;un Mus\u00e9e :<\/h3>\n    <p class=\"txtart-p\">\n      <br>Le Mus\u00e9e Comtadin du Cycle est n\u00e9 uniquement de la volont\u00e9 de trois cyclos \u00e9pris de belles bicyclettes et f\u00e9rus de m\u00e9canique.\n      <br>En 2006, Claude Barsotti, Franck Bailly et Guy Claverie, avec l\u2019aide pr\u00e9cieuse de Pierre Gabert, maire de Pernes les Fontaines de 1998 \u00e0 2020, cr\u00e9aient l\u2019association qui g\u00e8re le mus\u00e9e et dont ils ont \u00e9t\u00e9 des animateurs passionn\u00e9s. \n      <br>D\u2019autres amoureux de la petite reine vinrent leur apporter leur savoir-faire, leurs comp\u00e9tences et leur disponibilit\u00e9 pour restaurer, r\u00e9nover, rechercher de vielles bicyclettes et leur donner une deuxi\u00e8me vie.\n      <br><br>Quoi de plus normal qu\u2019un mus\u00e9e du v\u00e9lo soit pr\u00e9sent \u00e0 Pernes les Fontaines, quand l\u2019un de ses plus illustres enfants n\u2019est autre que Paul de Vivie (1853-1930), ap\u00f4tre du cyclotourisme, g\u00e9nial et talen\u00adtueux inventeur, qui deviendra le personnage embl\u00e9matique du cyclotourisme fran\u00e7ais, ses \u00e9crits, sous le pseudonyme de \u2018\u2019V\u00e9locio\u2019\u2019, faisant r\u00e9f\u00e9rence dans le monde du v\u00e9lo.\n  <\/p>\n<\/div>\n\n\n\n<div class=\"wp-block-column is-layout-flow wp-block-column-is-layout-flow\" style=\"flex-basis:40%\">\n<img decoding=\"async\" style=\"width:80%;margin: 20px 0 5px 10px;\" src=\"wp-content\/uploads\/velocio.jpg\">\n<\/div>\n<\/div>\n\n\n\n<div class=\"wp-block-columns is-layout-flex wp-container-core-columns-is-layout-9d6595d7 wp-block-columns-is-layout-flex\">\n<div class=\"wp-block-column is-layout-flow wp-block-column-is-layout-flow\">\n<p class=\"txtart-p\">\n<br>Le mus\u00e9e se compose de quatre salles d&rsquo;exposition au rez-de-chauss\u00e9e et d&rsquo;une salle de lecture et vid\u00e9o, d&rsquo;une double salle au premier \u00e9tage et de quatre autres salles au dernier niveau. Vous pourrez y admirer et examiner par le d\u00e9tail, plus de 150 ans de l\u2019histoire du cycle, du v\u00e9locip\u00e8de de Pierre Michaux de 1869 au dernier v\u00e9lo de contre la montre, tout carbone. Mais aussi l\u2019histoire du v\u00e9lo de course depuis le Fageot de 1885, jusqu\u2019\u00e0 ceux des plus grandes marques qui ont remport\u00e9 le Tour de France, Thomann, Terrot, Helyett, Lejeune, Peugeot, Gitane, Colnago etc\u2026\n      <br>Sont \u00e9galement pr\u00e9sent\u00e9es les plus belles randonneuses des grands couturiers du cycle, Dujardin, Herse, Pitard, Routens, Singer etc\u2026 Les tandems sont aussi en \u00e9vidence dont le fameux tandem des cong\u00e9s pay\u00e9s de 1936 !\n      <br><br>Au fil des ans, nous n\u2019avons eu de cesse d\u2019enrichir nos collections.\n      Sauvegarder le patrimoine, le mettre en valeur afin d\u2019\u00eatre partag\u00e9 par tous et transmis aux g\u00e9n\u00e9rations futures, reste, quoique ambitieux, notre objectif premier\n      c\u2019est pourquoi, le Mus\u00e9e Comtadin du Cycle vous propose un parcours p\u00e9dagogique d\u00e9di\u00e9 \u00e0 la bicyclette qui ravira petits et grands !\n      <br><br>A noter que ce b\u00e2timent class\u00e9 n&rsquo;est pas totale\u00adment accessible aux personnes \u00e0 mobilit\u00e9 r\u00e9duite. Seules trois salles d&rsquo;exposition du rez-de-chauss\u00e9e le sont.\n    <div class=\"defilH\" style=\"width:98%;height:auto%;margin-bottom:5px;\">\n      <div class=\"defilHimg\"><img decoding=\"async\" style=\"margin-bottom:10px;\" src=\"wp-content\/uploads\/salle8.jpg\"><\/div>\n      <div class=\"defilHimg\"><img decoding=\"async\" style=\"margin-bottom:10px;\" src=\"wp-content\/uploads\/salle9.jpg\"><\/div>\n      <div class=\"defilHimg\"><img decoding=\"async\" style=\"margin-bottom:10px;\" src=\"wp-content\/uploads\/salle10.jpg\"><\/div>\n    <\/div>\n    <p class=\"txtart-p\" style=\"padding:0 10px;font-size:10px;font-style:italic;\">\n      swiper pour voir les images suivantes &#8230;\n    <\/p>\n<\/p>\n<\/div>\n<\/div>\n\n\n\n<div class=\"wp-block-columns is-layout-flex wp-container-core-columns-is-layout-9d6595d7 wp-block-columns-is-layout-flex\">\n<div class=\"wp-block-column is-layout-flow wp-block-column-is-layout-flow\">\n<h3 class=\"titart\">Un \u00e9crin magnifique, l\u2019h\u00f4tel de Cheylus :<\/h3>\n<p class=\"txtart-p\">\n      <br>L\u2019immeuble qui abrite actuellement le Mus\u00e9e Comtadin du Cycle a une histoire qui remonte \u00e0 la fin du XV \u00e8me si\u00e8cle \u2013 d\u00e9but du XVI\u00e8me. Il faut appr\u00e9hender la pr\u00e9sence des juifs dans le Comtat Venaissin et \u00e0 Pernes en particulier pour en conna\u00eetre l\u2019origine.\n      <br>Autour de l\u2019an 1300, il y aurait eu 20 familles juives \u00e0 Pernes d\u2019apr\u00e8s l\u2019importance de la synagogue.\n      <br>Mais le pape, install\u00e9 \u00e0 Avignon, fit d\u00e9truire la synagogue de Pernes en 1322, ainsi que celles de Carpentras, Boll\u00e8ne, B\u00e9darrides, Monteux et d\u2019autres villes du Comtat. Ce pape fran\u00e7ais, c\u2019\u00e9tait Jean XXII, le fils d\u2019un cordonnier de Cahors, avocat avant d\u2019\u00eatre pape.\n      Sur d\u00e9cision du Conseil de Pernes, en 1504 on parqua les juifs dans un espace restreint qu\u2019on appela \u2018\u2019la Juiverie\u2019\u2019. A la t\u00eate du quartier juif se trouvait Josse de Stella qui \u00e9tait charg\u00e9 en qualit\u00e9 de baylon d\u2019administrer les affaires de la communaut\u00e9 juive. Il fut le premier propri\u00e9taire du b\u00e2timent qui abrite aujourd\u2019hui le mus\u00e9e.\n      <br>Il en fut d\u00e9poss\u00e9d\u00e9 en 1569 par le pape Pie V qui d\u00e9cr\u00e9ta que les juifs devaient \u00eatre expuls\u00e9s dans les trois mois.\n      Ainsi Josse de Stella, expuls\u00e9, vendit \u00e0 vil prix, \u00e0 l\u2019abb\u00e9 d\u2019Allemand, son bel h\u00f4tel qui reviendra ensuite \u00e0 Etienne d\u2019Allemand avant d\u2019\u00eatre la propri\u00e9t\u00e9 en 1585 de Pierre de Cheylus. Aujourd\u2019hui l\u2019immeuble appartient \u00e0 la Ville de Pernes les Fontaines.\n      <br>Pour abriter des collections de v\u00e9los aussi prestigieuses, il fallait les installer dans un b\u00e2timent de caract\u00e8re, un cadre historique remarquable, \u00e0 la hauteur de notre Pernois Paul de Vivie. C\u2019est pourquoi, le maire Pierre Gabert, sans lequel rien n\u2019aurait \u00e9t\u00e9 possible, et son \u00e9quipe municipale entreprirent un important travail de restauration qui permet aujourd\u2019hui de d\u00e9couvrir au fil des salles plus de 100 pi\u00e8ces de v\u00e9los de collection : grand bi, v\u00e9locip\u00e8des, acat\u00e8nes, tandems, course, cyclotourisme, loisirs, utilitaires, tous pr\u00e9sentant un int\u00e9r\u00eat technique et historique.\n      <br>Quel qu\u2019en soit son \u00e2ge ou sa curiosit\u00e9, le visiteur pourra appr\u00e9cier les pi\u00e8ces uniques pr\u00e9sent\u00e9es, mieux les comprendre et reconna\u00eetre le g\u00e9nie inventif de nos ain\u00e9s au nom desquels figure le pernois Paul de Vivie.\n      L\u2019enrichissement des collections reste notre but constant tant il est vrai que garder une trace du pass\u00e9, c\u2019est permettre de se tourner vers l\u2019avenir\n<\/p>\n<\/div>\n\n\n\n<div class=\"wp-block-column is-layout-flow wp-block-column-is-layout-flow\">\n<img decoding=\"async\" style=\"width:100%;margin-bottom:10px;\" src=\"wp-content\/uploads\/cheylus1.jpg\">\n<br><img decoding=\"async\" style=\"width:100%;margin-bottom:10px;\" src=\"wp-content\/uploads\/cheylus2.jpg\">\n<\/div>\n<\/div>\n\n\n\n<p class=\"txtart-p\">\n  <a href=\"wp-content\/uploads\/petitfute.jpg\">\n    Voir l&rsquo;avis du petit fut\u00e9 2026\n  <\/a>\n<\/p>\n","protected":false},"excerpt":{"rendered":"<p>Naissance d&rsquo;un Mus\u00e9e : Le Mus\u00e9e Comtadin du Cycle est n\u00e9 uniquement de la volont\u00e9 de trois cyclos \u00e9pris de belles bicyclettes et f\u00e9rus de m\u00e9canique. En 2006, Claude Barsotti, Franck Bailly et Guy Claverie, avec l\u2019aide pr\u00e9cieuse de Pierre Gabert, maire de Pernes les Fontaines de 1998 \u00e0 2020, cr\u00e9aient l\u2019association qui g\u00e8re le<\/p>\n<p class=\"more-link\"><a href=\"https:\/\/www.museeducycle.fr\/?page_id=460\" class=\"themebutton\">Read More<\/a><\/p>\n","protected":false},"author":2,"featured_media":0,"parent":0,"menu_order":0,"comment_status":"closed","ping_status":"closed","template":"","meta":{"footnotes":""},"class_list":["post-460","page","type-page","status-publish","hentry"],"_links":{"self":[{"href":"https:\/\/www.museeducycle.fr\/index.php?rest_route=\/wp\/v2\/pages\/460","targetHints":{"allow":["GET"]}}],"collection":[{"href":"https:\/\/www.museeducycle.fr\/index.php?rest_route=\/wp\/v2\/pages"}],"about":[{"href":"https:\/\/www.museeducycle.fr\/index.php?rest_route=\/wp\/v2\/types\/page"}],"author":[{"embeddable":true,"href":"https:\/\/www.museeducycle.fr\/index.php?rest_route=\/wp\/v2\/users\/2"}],"replies":[{"embeddable":true,"href":"https:\/\/www.museeducycle.fr\/index.php?rest_route=%2Fwp%2Fv2%2Fcomments&post=460"}],"version-history":[{"count":49,"href":"https:\/\/www.museeducycle.fr\/index.php?rest_route=\/wp\/v2\/pages\/460\/revisions"}],"predecessor-version":[{"id":1346,"href":"https:\/\/www.museeducycle.fr\/index.php?rest_route=\/wp\/v2\/pages\/460\/revisions\/1346"}],"wp:attachment":[{"href":"https:\/\/www.museeducycle.fr\/index.php?rest_route=%2Fwp%2Fv2%2Fmedia&parent=460"}],"curies":[{"name":"wp","href":"https:\/\/api.w.org\/{rel}","templated":true}]}}

Le Musée

<div class="wp-block-columns is-layout-flex wp-container-core-columns-is-layout-9d6595d7 wp-block-columns-is-layout-flex">
<div class="wp-block-column is-layout-flow wp-block-column-is-layout-flow" style="flex-basis:40%">
<h3 class="titart">Naissance d&rsquo;un Musée :</h3>
    <p class="txtart-p">
      <br>Le Musée Comtadin du Cycle est né uniquement de la volonté de trois cyclos épris de belles bicyclettes et férus de mécanique.
      <br>En 2006, Claude Barsotti, Franck Bailly et Guy Claverie, avec l’aide précieuse de Pierre Gabert, maire de Pernes les Fontaines de 1998 à 2020, créaient l’association qui gère le musée et dont ils ont été des animateurs passionnés. 
      <br>D’autres amoureux de la petite reine vinrent leur apporter leur savoir-faire, leurs compétences et leur disponibilité pour restaurer, rénover, rechercher de vielles bicyclettes et leur donner une deuxième vie.
      <br><br>Quoi de plus normal qu’un musée du vélo soit présent à Pernes les Fontaines, quand l’un de ses plus illustres enfants n’est autre que Paul de Vivie (1853-1930), apôtre du cyclotourisme, génial et talen­tueux inventeur, qui deviendra le personnage emblématique du cyclotourisme français, ses écrits, sous le pseudonyme de ‘’Vélocio’’, faisant référence dans le monde du vélo.
  </p>
</div>



<div class="wp-block-column is-layout-flow wp-block-column-is-layout-flow" style="flex-basis:40%">
<img decoding="async" style="width:80%;margin: 20px 0 5px 10px;" src="wp-content/uploads/velocio.jpg">
</div>
</div>



<div class="wp-block-columns is-layout-flex wp-container-core-columns-is-layout-9d6595d7 wp-block-columns-is-layout-flex">
<div class="wp-block-column is-layout-flow wp-block-column-is-layout-flow">
<p class="txtart-p">
<br>Le musée se compose de quatre salles d&rsquo;exposition au rez-de-chaussée et d&rsquo;une salle de lecture et vidéo, d&rsquo;une double salle au premier étage et de quatre autres salles au dernier niveau. Vous pourrez y admirer et examiner par le détail, plus de 150 ans de l’histoire du cycle, du vélocipède de Pierre Michaux de 1869 au dernier vélo de contre la montre, tout carbone. Mais aussi l’histoire du vélo de course depuis le Fageot de 1885, jusqu’à ceux des plus grandes marques qui ont remporté le Tour de France, Thomann, Terrot, Helyett, Lejeune, Peugeot, Gitane, Colnago etc…
      <br>Sont également présentées les plus belles randonneuses des grands couturiers du cycle, Dujardin, Herse, Pitard, Routens, Singer etc… Les tandems sont aussi en évidence dont le fameux tandem des congés payés de 1936 !
      <br><br>Au fil des ans, nous n’avons eu de cesse d’enrichir nos collections.
      Sauvegarder le patrimoine, le mettre en valeur afin d’être partagé par tous et transmis aux générations futures, reste, quoique ambitieux, notre objectif premier
      c’est pourquoi, le Musée Comtadin du Cycle vous propose un parcours pédagogique dédié à la bicyclette qui ravira petits et grands !
      <br><br>A noter que ce bâtiment classé n&rsquo;est pas totale­ment accessible aux personnes à mobilité réduite. Seules trois salles d&rsquo;exposition du rez-de-chaussée le sont.
    <div class="defilH" style="width:98%;height:auto%;margin-bottom:5px;">
      <div class="defilHimg"><img decoding="async" style="margin-bottom:10px;" src="wp-content/uploads/salle8.jpg"></div>
      <div class="defilHimg"><img decoding="async" style="margin-bottom:10px;" src="wp-content/uploads/salle9.jpg"></div>
      <div class="defilHimg"><img decoding="async" style="margin-bottom:10px;" src="wp-content/uploads/salle10.jpg"></div>
    </div>
    <p class="txtart-p" style="padding:0 10px;font-size:10px;font-style:italic;">
      swiper pour voir les images suivantes &#8230;
    </p>
</p>
</div>
</div>



<div class="wp-block-columns is-layout-flex wp-container-core-columns-is-layout-9d6595d7 wp-block-columns-is-layout-flex">
<div class="wp-block-column is-layout-flow wp-block-column-is-layout-flow">
<h3 class="titart">Un écrin magnifique, l’hôtel de Cheylus :</h3>
<p class="txtart-p">
      <br>L’immeuble qui abrite actuellement le Musée Comtadin du Cycle a une histoire qui remonte à la fin du XV ème siècle – début du XVIème. Il faut appréhender la présence des juifs dans le Comtat Venaissin et à Pernes en particulier pour en connaître l’origine.
      <br>Autour de l’an 1300, il y aurait eu 20 familles juives à Pernes d’après l’importance de la synagogue.
      <br>Mais le pape, installé à Avignon, fit détruire la synagogue de Pernes en 1322, ainsi que celles de Carpentras, Bollène, Bédarrides, Monteux et d’autres villes du Comtat. Ce pape français, c’était Jean XXII, le fils d’un cordonnier de Cahors, avocat avant d’être pape.
      Sur décision du Conseil de Pernes, en 1504 on parqua les juifs dans un espace restreint qu’on appela ‘’la Juiverie’’. A la tête du quartier juif se trouvait Josse de Stella qui était chargé en qualité de baylon d’administrer les affaires de la communauté juive. Il fut le premier propriétaire du bâtiment qui abrite aujourd’hui le musée.
      <br>Il en fut dépossédé en 1569 par le pape Pie V qui décréta que les juifs devaient être expulsés dans les trois mois.
      Ainsi Josse de Stella, expulsé, vendit à vil prix, à l’abbé d’Allemand, son bel hôtel qui reviendra ensuite à Etienne d’Allemand avant d’être la propriété en 1585 de Pierre de Cheylus. Aujourd’hui l’immeuble appartient à la Ville de Pernes les Fontaines.
      <br>Pour abriter des collections de vélos aussi prestigieuses, il fallait les installer dans un bâtiment de caractère, un cadre historique remarquable, à la hauteur de notre Pernois Paul de Vivie. C’est pourquoi, le maire Pierre Gabert, sans lequel rien n’aurait été possible, et son équipe municipale entreprirent un important travail de restauration qui permet aujourd’hui de découvrir au fil des salles plus de 100 pièces de vélos de collection : grand bi, vélocipèdes, acatènes, tandems, course, cyclotourisme, loisirs, utilitaires, tous présentant un intérêt technique et historique.
      <br>Quel qu’en soit son âge ou sa curiosité, le visiteur pourra apprécier les pièces uniques présentées, mieux les comprendre et reconnaître le génie inventif de nos ainés au nom desquels figure le pernois Paul de Vivie.
      L’enrichissement des collections reste notre but constant tant il est vrai que garder une trace du passé, c’est permettre de se tourner vers l’avenir
</p>
</div>



<div class="wp-block-column is-layout-flow wp-block-column-is-layout-flow">
<img decoding="async" style="width:100%;margin-bottom:10px;" src="wp-content/uploads/cheylus1.jpg">
<br><img decoding="async" style="width:100%;margin-bottom:10px;" src="wp-content/uploads/cheylus2.jpg">
</div>
</div>



<p class="txtart-p">
  <a href="wp-content/uploads/petitfute.jpg">
    Voir l&rsquo;avis du petit futé 2026
  </a>
</p>

<p>Naissance d&rsquo;un Musée : Le Musée Comtadin du Cycle est né uniquement de la volonté de trois cyclos épris de belles bicyclettes et férus de mécanique. En 2006, Claude Barsotti, Franck Bailly et Guy Claverie, avec l’aide précieuse de Pierre Gabert, maire de Pernes les Fontaines de 1998 à 2020, créaient l’association qui gère le</p>
<p class="more-link"><a href="https://www.museeducycle.fr/?page_id=460" class="themebutton">Read More</a></p>
